{"id":24,"date":"2013-03-05T09:17:13","date_gmt":"2013-03-05T08:17:13","guid":{"rendered":"http:\/\/www.schmid-mobility.eu\/?page_id=24"},"modified":"2017-09-11T23:33:30","modified_gmt":"2017-09-11T21:33:30","slug":"wir-uber-uns","status":"publish","type":"page","link":"https:\/\/www.schmid-mobility.de\/?page_id=24","title":{"rendered":"Wir \u00fcber uns"},"content":{"rendered":"<p><b>Mobilit\u00e4t beginnt im Kopf<\/b><\/p>\n<p>Die letzten Jahrzehnte waren bei der Verkehrsinfrastruktur von neuen Korridoren und Trassen und somit von Neu- und Ausbau gepr\u00e4gt.<\/p>\n<p>Die n\u00e4chsten Jahrzehnte werden von der Optimierung des Bestandsnetzes und somit von effizienter Kapazit\u00e4tsanpassung, Erhalt und Betrieb gepr\u00e4gt sein.<\/p>\n<p>Das setzt neues Denken voraus!<\/p>\n<p>Dies setzt neue Rahmenbedingungen voraus!<\/p>\n<p>Beides ist notwendig, so dass Deutschland auch in Zukunft \u00fcber ein starkes Netz in der Verkehrsinfrastruktur, bis zur letzten Meile, verf\u00fcgt.<\/p>\n<p>Unter der Ma\u00dfgabe des verantwortungsvollen Umgangs mit den Ressourcen Geld und Umwelt muss die Optimierung des Bestandsnetzes am tats\u00e4chlichen Bedarf ausgerichtet, ausgebaut, erhalten und betrieben werden.<\/p>\n<p>Neue Rahmenbedingungen schaffen neue Wege und Prozesse.<br \/>\n<b>Wir, die Schmid Mobility Solutions GmbH<\/b>, werden die Politik bei der Schaffung dieser neuen Rahmenbedingungen aktiv begleiten. Deutschland kann hier Vorreiter werden: f\u00fcr einen transparenten, effizienten und von neuen Anreizmechanismen bestimmten Erhalt und Betrieb der Verkehrsinfrastruktur. Und f\u00fcr seine optimale, intelligente Nutzung.<br \/>\n&nbsp;<br \/>\n<b>Wir, die Schmid Mobility Solutions GmbH<\/b>, werden den Verantwortlichen von Regierung und Verwaltung helfen, diese Rahmenbedingungen in konkretes Handeln zu \u00fcberf\u00fchren.<br \/>\n&nbsp;<br \/>\n<b>Wir, die Schmid Mobility Solutions GmbH<\/b>, werden helfen, neue M\u00e4rkte zu schaffen.<\/p>\n<p>Intelligentes Zusammenf\u00fchren von St\u00e4rken wird zu einer neuen Qualit\u00e4t der bedarfsgerechten Infrastruktur f\u00fchren.<\/p>\n","protected":false},"excerpt":{"rendered":"<p>Mobilit\u00e4t beginnt im Kopf Die letzten Jahrzehnte waren bei der Verkehrsinfrastruktur von neuen Korridoren und Trassen und somit von Neu- und Ausbau gepr\u00e4gt. Die n\u00e4chsten Jahrzehnte werden von der Optimierung des Bestandsnetzes und somit von effizienter Kapazit\u00e4tsanpassung, Erhalt und Betrieb<\/p>\n","protected":false},"author":1,"featured_media":0,"parent":0,"menu_order":0,"comment_status":"closed","ping_status":"closed","template":"","meta":{"footnotes":""},"class_list":["post-24","page","type-page","status-publish","hentry"],"_links":{"self":[{"href":"https:\/\/www.schmid-mobility.de\/index.php?rest_route=\/wp\/v2\/pages\/24","targetHints":{"allow":["GET"]}}],"collection":[{"href":"https:\/\/www.schmid-mobility.de\/index.php?rest_route=\/wp\/v2\/pages"}],"about":[{"href":"https:\/\/www.schmid-mobility.de\/index.php?rest_route=\/wp\/v2\/types\/page"}],"author":[{"embeddable":true,"href":"https:\/\/www.schmid-mobility.de\/index.php?rest_route=\/wp\/v2\/users\/1"}],"replies":[{"embeddable":true,"href":"https:\/\/www.schmid-mobility.de\/index.php?rest_route=%2Fwp%2Fv2%2Fcomments&post=24"}],"version-history":[{"count":19,"href":"https:\/\/www.schmid-mobility.de\/index.php?rest_route=\/wp\/v2\/pages\/24\/revisions"}],"predecessor-version":[{"id":898,"href":"https:\/\/www.schmid-mobility.de\/index.php?rest_route=\/wp\/v2\/pages\/24\/revisions\/898"}],"wp:attachment":[{"href":"https:\/\/www.schmid-mobility.de\/index.php?rest_route=%2Fwp%2Fv2%2Fmedia&parent=24"}],"curies":[{"name":"wp","href":"https:\/\/api.w.org\/{rel}","templated":true}]}}